{"id":134,"date":"2021-12-16T17:06:26","date_gmt":"2021-12-16T17:06:26","guid":{"rendered":"http:\/\/www.atasehirkarot.com\/?page_id=134"},"modified":"2025-11-10T08:48:09","modified_gmt":"2025-11-10T08:48:09","slug":"yaptigimiz-isler","status":"publish","type":"page","link":"https:\/\/www.atasehirkarot.com\/?page_id=134","title":{"rendered":"YAPTI\u011eIMIZ \u0130\u015eLER"},"content":{"rendered":"\n<p class=\"has-vivid-green-cyan-color has-text-color has-link-color wp-elements-5df0a45c13997ca70428694461ee28a6\">BETON DELME,BETON KESME,BETON KIRMA,PENCERE YER\u0130 A\u00c7MA,KAPI YER\u0130 A\u00c7MA<\/p>\n","protected":false},"excerpt":{"rendered":"<p>BETON DELME,BETON KESME,BETON KIRMA,PENCERE YER\u0130 A\u00c7MA,KAPI YER\u0130 A\u00c7MA<\/p>\n","protected":false},"author":1,"featured_media":0,"parent":0,"menu_order":0,"comment_status":"closed","ping_status":"closed","template":"","meta":{"footnotes":""},"class_list":["post-134","page","type-page","status-publish","hentry"],"_links":{"self":[{"href":"https:\/\/www.atasehirkarot.com\/index.php?rest_route=\/wp\/v2\/pages\/134","targetHints":{"allow":["GET"]}}],"collection":[{"href":"https:\/\/www.atasehirkarot.com\/index.php?rest_route=\/wp\/v2\/pages"}],"about":[{"href":"https:\/\/www.atasehirkarot.com\/index.php?rest_route=\/wp\/v2\/types\/page"}],"author":[{"embeddable":true,"href":"https:\/\/www.atasehirkarot.com\/index.php?rest_route=\/wp\/v2\/users\/1"}],"replies":[{"embeddable":true,"href":"https:\/\/www.atasehirkarot.com\/index.php?rest_route=%2Fwp%2Fv2%2Fcomments&post=134"}],"version-history":[{"count":3,"href":"https:\/\/www.atasehirkarot.com\/index.php?rest_route=\/wp\/v2\/pages\/134\/revisions"}],"predecessor-version":[{"id":312,"href":"https:\/\/www.atasehirkarot.com\/index.php?rest_route=\/wp\/v2\/pages\/134\/revisions\/312"}],"wp:attachment":[{"href":"https:\/\/www.atasehirkarot.com\/index.php?rest_route=%2Fwp%2Fv2%2Fmedia&parent=134"}],"curies":[{"name":"wp","href":"https:\/\/api.w.org\/{rel}","templated":true}]}}